s of 51271.
11, 59, 79
What are the prime factors of 183217?
19, 9643
What are the prime factors of 38189?
38189
What are the prime factors of 11083?
11083
List the prime factors of 76908.
2, 3, 13, 17, 29
List the prime factors of 338.
2, 13
What are the prime factors of 2877?
3, 7, 137
What are the prime factors of 554?
2, 277
What are the prime factors of 117?
3, 13
What are the prime factors of 7651?
7, 1093
What are the prime factors of 1240?
2, 5, 31
List the prime factors of 8467.
8467
List the prime factors of 29686.
2, 14843
List the prime factors of 1136.
2, 71
What are the prime factors of 12381?
3, 4127
What are the prime factors of 6967?
6967
What are the prime factors of 680?
2, 5, 17
What are the prime factors of 16812?
2, 3, 467
List the prime factors of 4306.
2, 2153
What are the prime factors of 3287?
19, 173
List the prime factors of 1884.
2, 3, 157
List the prime factors of 1172.
2, 293
What are the prime factors of 19558?
2, 7, 11, 127
List the prime factors of 662.
2, 331
List the prime factors of 1224.
2, 3, 17
What are the prime factors of 859?
859
List the prime factors of 188.
2, 47
What are the prime factors of 12803?
7, 31, 59
What are the prime factors of 120254?
2, 60127
List the prime factors of 25729.
11, 2339
List the prime factors of 15994.
2, 11, 727
List the prime factors of 7702.
2, 3851
What are the prime factors of 112343?
7, 11, 1459
What are the prime factors of 128194?
2, 11, 5827
List the prime factors of 13124.
2, 17, 193
List the prime factors of 1399.
1399
List the prime factors of 699.
3, 233
What are the prime factors of 4958?
2, 37, 67
List the prime factors of 751.
751
What are the prime factors of 34499?
34499
What are the prime factors of 1347?
3, 449
What are the prime factors of 3509?
11, 29
List the prime factors of 97207.
11, 8837
What are the prime factors of 17131?
37, 463
List the prime factors of 749.
7, 107
List the prime factors of 21825.
3, 5, 97
List the prime factors of 25699.
31, 829
List the prime factors of 7533.
3, 31
List the prime factors of 21127.
37, 571
What are the prime factors of 266?
2, 7, 19
What are the prime factors of 1440?
2, 3, 5
List the prime factors of 2238.
2, 3, 373
What are the prime factors of 2452?
2, 613
What are the prime factors of 488?
2, 61
List the prime factors of 109.
109
List the prime factors of 2013.
3, 11, 61
What are the prime factors of 11751?
3, 3917
List the prime factors of 100123.
59, 1697
What are the prime factors of 5494?
2, 41, 67
List the prime factors of 3530.
2, 5, 353
What are the prime factors of 1267?
7, 181
What are the prime factors of 51876?
2, 3, 11, 131
List the prime factors of 1036.
2, 7, 37
List the prime factors of 4303.
13, 331
List the prime factors of 960.
2, 3, 5
What are the prime factors of 6084?
2, 3, 13
List the prime factors of 287.
7, 41
List the prime factors of 1189.
29, 41
What are the prime factors of 22630?
2, 5, 31, 73
What are the prime factors of 462?
2, 3, 7, 11
What are the prime factors of 302?
2, 151
What are the prime factors of 515?
5, 103
List the prime factors of 648.
2, 3
List the prime factors of 4917.
3, 11, 149
What are the prime factors of 66808?
2, 7, 1193
List the prime factors of 3069.
3, 11, 31
List the prime factors of 6244.
2, 7, 223
List the prime factors of 5922.
2, 3, 7, 47
List the prime factors of 1319.
1319
List the prime factors of 65157.
3, 37, 587
List the prime factors of 107930.
2, 5, 43, 251
What are the prime factors of 11043?
3, 409
What are the prime factors of 248?
2, 31
List the prime factors of 18176.
2, 71
List the prime factors of 48541.
48541
What are the prime factors of 4791?
3, 1597
What are the prime factors of 3499?
3499
What are the prime factors of 38453?
38453
What are the prime factors of 4219?
4219
List the prime factors of 278.
2, 139
List the prime factors of 464.
2, 29
What are the prime factors of 9298?
2, 4649
List the prime factors of 3254.
2, 1627
What are the prime factors of 1497?
3, 499
What are the prime factors of 40228?
2, 89, 113
What are the prime factors of 19646?
2, 11, 19, 47
List the prime factors of 115234.
2, 7, 8231
What are the prime factors of 6607?
6607
What are the prime factors of 7978?
2, 3989
What are the prime factors of 1042?
2, 521
List the prime factors of 7050.
2, 3, 5, 47
List the prime factors of 43544.
2, 5443
What are the prime factors of 45328?
2, 2833
What are the prime factors of 32800?
2, 5, 41
List the prime factors of 119.
7, 17
List the prime factors of 3163.
3163
List the prime factors of 16866.
2, 3, 937
What are the prime factors of 22020?
2, 3, 5, 367
What are the prime factors of 1100?
2, 5, 11
What are the prime factors of 567?
3, 7
List the prime factors of 55131.
3, 17, 23, 47
List the prime factors of 154646.
2, 77323
What are the prime factors of 327?
3, 109
List the prime factors of 1690.
2, 5, 13
List the prime factors of 11898.
2, 3, 661
List the prime factors of 1396.
2, 349
What are the prime factors of 11467?
11467
List the prime factors of 5344.
2, 167
List the prime factors of 2494.
2, 29, 43
What are the prime factors of 3019?
3019
List the prime factors of 1258.
2, 17, 37
List the prime factors of 16467.
3, 11, 499
List the prime factors of 4615.
5, 13, 71
List the prime factors of 3045.
3, 5, 7, 29
What are the prime factors of 12921?
3, 59, 73
List the prime factors of 1043.
7, 149
What are the prime factors of 1001?
7, 11, 13
List the prime factors of 7377.
3, 2459
List the prime factors of 6865.
5, 1373
List the prime factors of 3705.
3, 5, 13, 19
What are the prime factors of 146?
2, 73
What are the prime factors of 20563?
20563
What are the prime factors of 350?
2, 5, 7
List the prime factors of 2300.
2, 5, 23
List the prime factors of 1187.
1187
What are the prime factors of 50841?
3, 7, 269
What are the prime factors of 8906?
2, 61, 73
List the prime factors of 11632.
2, 727
List the prime factors of 1604.
2, 401
List the prime factors of 142.
2, 71
List the prime factors of 1245.
3, 5, 83
List the prime factors of 17.
17
List the prime factors of 59530.
2, 5, 5953
What are the prime factors of 32141?
32141
List the prime factors of 141.
3, 47
What are the prime factors of 22355?
5, 17, 263
What are the prime factors of 2666?
2, 31, 43
List the prime factors of 7166.
2, 3583
What are the prime factors of 97?
97
What are the prime factors of 2136?
2, 3, 89
What are the prime factors of 22226?
2, 11113
What are the prime factors of 16368?
2, 3, 11, 31
What are the prime factors of 116041?
116041
What are the prime factors of 1547?
7, 13, 17
List the prime factors of 3729.
3, 11, 113
What are the prime factors of 3429?
3, 127
List the prime factors of 11376.
2, 3, 79
What are the prime factors of 472?
2, 59
List the prime factors of 2164.
2, 541
List the prime factors of 427.
7, 61
List the prime factors of 4420.
2, 5, 13, 17
List the prime factors of 5123.
47, 109
What are the prime factors of 2799?
3, 311
List the prime factors of 10239.
3, 3413
List the prime factors of 91.
7, 13
List the prime factors of 88013.
283, 311
What are the prime factors of 13986?
2, 3, 7, 37
What are the prime factors of 1572?
2, 3, 131
List the prime factors of 65081.
151, 431
What are the prime factors of 1461?
3, 487
List the prime factors of 29549.
13, 2273
What are the prime factors of 69149?
69149
What are the prime factors of 656?
2, 41
List the prime factors of 14368.
2, 449
What are the prime factors of 3325?
5, 7, 19
What are the prime factors of 476?
2, 7, 17
List the prime factors of 1623.
3, 541
List the prime factors of 68285.
5, 7, 1951
List the prime factors of 57839.
57839
What are the prime factors of 59661?
3, 7, 947
List the prime factors of 29971.
17, 41, 43
List the prime factors of 19097.
13, 113
What are the prime factors of 12822?
2, 3, 2137
List the prime factors of 2846.
2, 1423
List the prime factors of 10679.
59, 181
List the prime factors of 45410.
2, 5, 19, 239
What are the prime factors of 1317?
3, 439
What are the prime factors of 1304?
2, 163
List the prime factors of 38660.
2, 5, 1933
List the prime factors of 77250.
2, 3, 5, 103
List the prime factors of 58907.
58907
What are the prime factors of 998?
2, 499
What are the prime factors of 5367?
3, 1789
List the 